n base 13, what is 3 + -2b?
-28
In base 15, what is -1 + 42?
41
In base 3, what is 2 - 211110?
-211101
In base 7, what is -21356 - -3?
-21353
In base 6, what is -31 + 3?
-24
In base 13, what is -2 + -67?
-69
In base 10, what is 3 - 63?
-60
In base 3, what is -11100 - 10?
-11110
In base 14, what is -57 + 71?
18
In base 3, what is 211001 + -2?
210222
In base 4, what is 10 - -132?
202
In base 8, what is -5 - 16?
-23
In base 14, what is 7 + 98?
a1
In base 12, what is 2 - -54?
56
In base 13, what is -880 - 2?
-882
In base 10, what is -14 + -3?
-17
In base 2, what is 10011010000 - 111?
10011001001
In base 10, what is 615 + 3?
618
In base 4, what is -31 - -1010?
313
In base 12, what is 77 - 7?
70
In base 8, what is 116 - 47?
47
In base 4, what is 12113 + 0?
12113
In base 7, what is 1422 + 0?
1422
In base 15, what is -5 + 14?
e
In base 10, what is 23 + 13?
36
In base 2, what is -10100001110 - 11?
-10100010001
In base 2, what is -1011011 + 110110?
-100101
In base 15, what is 4 + -14e?
-14a
In base 8, what is -36 + 62?
24
In base 16, what is 17 - 4e?
-37
In base 8, what is 202 - 14?
166
In base 6, what is -54 - -1?
-53
In base 15, what is 2 + 20?
22
In base 15, what is -1c + -8?
-25
In base 3, what is 1 + 2122?
2200
In base 15, what is 3 + 12be?
12c2
In base 7, what is -200 - 5?
-205
In base 4, what is -100 - -21?
-13
In base 5, what is 1114 + -32?
1032
In base 2, what is 11 - -1011100111011?
1011100111110
In base 13, what is -11 + 182?
171
In base 13, what is -520 - 7?
-527
In base 5, what is 1 - 4114?
-4113
In base 2, what is 10 - -10000001?
10000011
In base 8, what is -346 - 1?
-347
In base 16, what is -3 - 68?
-6b
In base 9, what is 551 - -7?
558
In base 14, what is -4 - -b9?
b5
In base 10, what is 0 - -18?
18
In base 4, what is 120103 - 3?
120100
In base 16, what is -4 + 4d?
49
In base 4, what is 30213 - 10?
30203
In base 9, what is -1 + -657?
-658
In base 12, what is -176 - -5?
-171
In base 10, what is 4 + -40?
-36
In base 6, what is 2450 - 2?
2444
In base 14, what is 1 + -824?
-823
In base 2, what is -11 + -1111111?
-10000010
In base 2, what is -10001 - 100010?
-110011
In base 5, what is 4 + -3?
1
In base 8, what is -234 + -14?
-250
In base 5, what is -1 + -122?
-123
In base 3, what is -222 - -10020?
2021
In base 13, what is -15 - -33?
1b
In base 3, what is 12 - -202101?
202120
In base 16, what is -5bc3 - -5?
-5bbe
In base 4, what is 21 - -3122?
3203
In base 10, what is 5 - 663?
-658
In base 12, what is 6 - 64?
-5a
In base 11, what is 318 + 2?
31a
In base 4, what is 2211 + 30?
2301
In base 3, what is 12 + 20220?
21002
In base 8, what is -2 + 521?
517
In base 10, what is 7 + -684?
-677
In base 4, what is 222100 - -1?
222101
In base 6, what is -202 - 2?
-204
In base 16, what is 40 - -7?
47
In base 11, what is -14a + 12?
-138
In base 4, what is -11 + -32311?
-32322
In base 3, what is 1020 + -12?
1001
In base 4, what is 11112 + -10?
11102
In base 13, what is 2 + 33?
35
In base 11, what is -4 + -7a?
-83
In base 3, what is -110 + 10002?
2122
In base 13, what is ba - -16?
103
In base 16, what is 34 + -2?
32
In base 15, what is -83 + -13?
-96
In base 9, what is -3 - -417?
414
In base 11, what is 117 - -8?
124
In base 2, what is 1 + -101001100?
-101001011
In base 10, what is 5557 - -5?
5562
In base 7, what is -20 + -33?
-53
In base 7, what is 1502 - -33?
1535
In base 12, what is -104 - 8?
-110
In base 14, what is -1 - -8?
7
In base 7, what is -1 + 1411?
1410
In base 3, what is -200 + -21010?
-21210
In base 15, what is 13 - 11?
2
In base 2, what is 1 + -1111?
-1110
In base 7, what is 53 - 4?
46
In base 6, what is -20 + 3340?
3320
In base 2, what is -111 + 10100000?
10011001
In base 4, what is 11 - -1021?
1032
In base 9, what is -575 - 0?
-575
In base 3, what is -11 - -10202?
10121
In base 6, what is -24231 - 2?
-24233
In base 6, what is -13 + 4351?
4334
In base 10, what is 5 - 276?
-271
In base 16, what is -5d + 0?
-5d
In base 14, what is 2b - -72?
9d
In base 10, what is -197 - -3?
-194
In base 11, what is -580 + 5?
-576
In base 6, what is -34 - 205?
-243
In base 7, what is -3443 + 4?
-3436
In base 3, what is 22112 - -11?
22200
In base 7, what is 324 - -14?
341
In base 4, what is -13 + 20313?
20300
In base 10, what is -2 + 882?
880
In base 9, what is 35157 - 4?
35153
In base 11, what is 2 + 1065?
1067
In base 8, what is -2034 + 3?
-2031
In base 11, what is -8 - 46?
-53
In base 12, what is -2 - -491?
48b
In base 13, what is -5c4 + -4?
-5c8
In base 14, what is 19 - -34?
4d
In base 16, what is 135 + -2?
133
In base 14, what is -52 + 10?
-42
In base 4, what is -3111 - -1?
-3110
In base 16, what is -af - 5?
-b4
In base 7, what is 44 + 2256?
2333
In base 6, what is -2 + 1451?
1445
In base 12, what is -4 + 78?
74
In base 7, what is 2320 + 5?
2325
In base 13, what is -5 - -12c?
127
In base 7, what is -4 + 3063?
3056
In base 5, what is 10 + -12230?
-12220
In base 2, what is 1111 + -1?
1110
In base 4, what is -1001 + -10020?
-11021
In base 14, what is 15 - -18a?
1a1
In base 9, what is 10 - -2876?
2886
In base 7, what is 3 - -2216?
2222
In base 15, what is -1e + -26?
-45
In base 8, what is -51 - -5?
-44
In base 14, what is -23 + -192?
-1b5
In base 16, what is -17 - 2?
-19
In base 14, what is 1339 - 1?
1338
In base 6, what is -3 + -124?
-131
In base 11, what is a + -2?
8
In base 14, what is -1a - 2?
-1c
In base 11, what is 0 - 336?
-336
In base 16, what is 3 + ce?
d1
In base 6, what is -5 - -45?
40
In base 2, what is 110011 + 101111101?
110110000
In base 12, what is -42 - 10?
-52
In base 14, what is 19 + 5?
20
In base 6, what is -303 - 55?
-402
In base 8, what is 55 + 6?
63
In base 2, what is 101 - -10011?
11000
In base 6, what is 2 - 1240?
-1234
In base 13, what is -4 - -b6?
b2
In base 13, what is -2971 - 3?
-2974
In base 4, what is -11 - -332?
321
In base 11, what is 15 + 21?
36
In base 5, what is 2 + 43?
100
In base 3, what is -200 - 110?
-1010
In base 4, what is 2230231 - 10?
2230221
In base 2, what is -1 - 11?
-100
In base 10, what is 11 + -644?
-633
In base 12, what is -9 + 3?
-6
In base 12, what is -a2 - -1?
-a1
In base 11, what is 4 - 988?
-984
In base 7, what is -104 + 11?
-63
In base 11, what is 81a0 - -3?
81a3
In base 15, what is 42 + 6?
48
In base 12, what is 9 - 50?
-43
In base 6, what is 110 - -1?
111
In base 14, what is -2 + 33d?
33b
In base 4, what is 332 + 211?
1203
In base 9, what is 26 + 4?
31
In base 11, what is 0 - -602?
602
In base 4, what is 12 + -30?
-12
In base 2, what is 1011001 - -101?
1011110
In base 10, what is 0 + 118?
118
In base 13, what is -7 - -47?
40
In base 11, what is -3 + 12a?
127
In base 2, what is -101 - 1001011?
-1010000
In base 13, what is -50 + 1?
-4c
In base 11, what is 45 + 10?
55
In base 4, what is 3 - -3322?
3331
In base 8, what is 0 - -13?
13
In base 3, what is 10110002 - 121?
10102111
In base 7, what is -5 + -320?
-325
In base 9, what is 2 - 423?
-421
In base 8, what is 40 + 6?
46
In base 14, what is 138a + -3?
1387
In base 7, what is -4 - -4513?
4506
In base 9, what is 1 - 1?
0
In base 11, what is 65 - 0?
65
In base 14, what is -8 + 8?
0
In base 16, what is 2 - 41b?
-419
In base 2, what is -111 + 100111?
100000
In base 13, what is 78 - -5?
80
In base 4, what is 112213 + -10?
112203
In base 11, what is -5 - -14?
a
In base 5, what is 120 - 1144?
-1024
In base 16, what is 11d - 5?
118
In base 8, what is 5 - 4?
1
In base 13, what is 3c4 - 5?
3bc
In base 13, what is -267 + 2?
-265
In base 11, what is 12 - -115?
127
In base 4, what is 22 - 32?
-10
In base 3, what is -210 - 0?
-210
In base 11, what is -4 - -142?
139
In base 5, what is 320 + 0?
320
In base 16, what is 8cd - 2?
8cb
In base 10, what is -3701 + 2?
-3699
In base 10, what is 3 + 770?
773
In base 2, what is 110100 + 110?
111010
In base 10, what is 1 - 697?
-696
In base 15, what is 7bd1 - 1?
7bd0
In base 16, what is 3 - 9e?
-9b
In base 9, what is -321 + -4?
-325
In base 6, what is -103 + -320?
-423
In base 6, what is 2 - 234?
-232
In base 12, what is 7 + -21?
-16
In base 4, what is -10 - 22332?
-23002
In base 6, what is 143 + 50?
233
In base 13, what is 5 + -73?
-6b
In base 3, what is -110201 - -1202?
-101222
In base 5, what is -32 - 3?
-40
In base 5, what is -1 + -144?
-200
In base 10, what is -41 + -7?
-48
In base 11, what is -320 + 2?
-319
In base 6, what is 